 of 14056 and 1869840?
56
What is the greatest common factor of 1705771 and 2773?
47
What is the highest common factor of 11859162 and 270?
6
What is the highest common divisor of 334582 and 309440?
1934
Calculate the highest common factor of 55284 and 59619.
51
What is the greatest common divisor of 2709 and 25963959?
903
What is the greatest common divisor of 1314 and 3954537?
9
What is the highest common factor of 168070572 and 3618?
3618
Calculate the greatest common factor of 282602943 and 441.
441
What is the highest common factor of 3754077 and 103113?
3819
What is the highest common divisor of 255 and 400503765?
255
Calculate the greatest common divisor of 45 and 3065562.
9
Calculate the greatest common factor of 15565 and 2711140.
1415
Calculate the highest common factor of 4630073 and 7.
7
Calculate the highest common factor of 83356 and 31948.
28
What is the greatest common divisor of 2420 and 4206686?
242
Calculate the greatest common factor of 363493 and 2951.
13
What is the greatest common factor of 993 and 87398233?
331
What is the highest common factor of 1888 and 51882712?
472
Calculate the highest common divisor of 46669 and 120183.
413
What is the highest common factor of 26532 and 3398508?
2412
What is the greatest common factor of 46125086 and 434?
434
Calculate the highest common factor of 49 and 12646991.
7
What is the highest common factor of 801180 and 1575?
45
What is the greatest common divisor of 23660 and 66820?
260
What is the greatest common divisor of 371 and 2432329?
53
Calculate the greatest common factor of 1872 and 24478896.
624
Calculate the greatest common factor of 369 and 132381948.
123
What is the highest common divisor of 31801 and 1888656?
539
What is the greatest common factor of 53480 and 94600?
40
Calculate the highest common divisor of 4860410 and 90.
10
What is the greatest common divisor of 846 and 114138?
18
What is the greatest common factor of 3494651 and 209?
19
Calculate the greatest common factor of 62706395 and 1465.
1465
What is the greatest common factor of 774 and 571518?
18
Calculate the greatest common divisor of 16280 and 12562055.
2035
Calculate the highest common factor of 104269536 and 2016.
2016
What is the greatest common divisor of 85690742 and 4878?
542
Calculate the greatest common factor of 467443 and 7900.
79
Calculate the greatest common factor of 53023 and 247901239.
3119
Calculate the highest common divisor of 83 and 177801687.
83
Calculate the highest common divisor of 1886586 and 82524.
78
Calculate the highest common factor of 1546 and 73910.
2
What is the greatest common divisor of 3640 and 1462063330?
910
Calculate the highest common factor of 2806066 and 1133411.
4993
What is the greatest common divisor of 5951 and 71676?
11
What is the greatest common factor of 27573 and 96?
3
Calculate the highest common divisor of 7552 and 717283296.
1888
What is the greatest common factor of 207340 and 1145?
5
Calculate the greatest common divisor of 1367 and 226070359.
1367
Calculate the highest common factor of 1128 and 20596434.
282
Calculate the greatest common divisor of 70747 and 22355.
263
Calculate the highest common divisor of 315 and 2195418330.
315
What is the highest common factor of 104 and 1307864?
8
What is the greatest common divisor of 2574956 and 18088?
1292
What is the greatest common divisor of 13857 and 670500?
447
Calculate the greatest common factor of 71519 and 65891.
7
What is the highest common divisor of 10153383 and 3?
3
Calculate the greatest common factor of 25 and 8844425.
25
Calculate the highest common divisor of 29476505 and 6365.
95
Calculate the greatest common divisor of 122850 and 6834100.
4550
Calculate the highest common factor of 19065607 and 11495.
2299
What is the greatest common divisor of 35 and 3184615?
35
What is the highest common divisor of 2114550 and 9150?
150
What is the highest common factor of 186696 and 120?
24
Calculate the greatest common factor of 42 and 618420194.
14
What is the greatest common divisor of 90836 and 16?
4
What is the greatest common factor of 308 and 75806236?
44
Calculate the greatest common factor of 3436500 and 600.
300
What is the highest common factor of 24832 and 542?
2
Calculate the highest common factor of 703 and 1813379.
19
What is the highest common divisor of 53715 and 545?
5
Calculate the greatest common factor of 120 and 10153785.
15
Calculate the greatest common factor of 551 and 1763316.
29
Calculate the greatest common factor of 6 and 3304857.
3
Calculate the highest common divisor of 853047 and 8515.
13
What is the greatest common factor of 750321 and 170313?
429
What is the highest common divisor of 1617240 and 58200?
120
What is the highest common divisor of 2577358 and 25424?
3178
What is the highest common factor of 389062832 and 1328?
1328
Calculate the highest common divisor of 19040 and 1203005.
85
Calculate the highest common factor of 8918 and 753454.
26
What is the highest common divisor of 83974999 and 8997?
2999
Calculate the greatest common factor of 107732191 and 49.
7
What is the highest common divisor of 40304 and 328147840?
3664
Calculate the greatest common divisor of 2 and 12484136.
2
Calculate the greatest common factor of 6 and 1966854.
6
What is the greatest common factor of 47493 and 8199?
9
Calculate the highest common divisor of 244968 and 129328.
472
What is the greatest common divisor of 114 and 1037198562?
114
What is the greatest common factor of 1770173 and 8021?
617
Calculate the greatest common factor of 82553 and 61163.
31
Calculate the greatest common factor of 5834678 and 824138.
2738
Calculate the highest common factor of 124441 and 354812.
107
What is the greatest common divisor of 1361 and 32308779?
1361
What is the greatest common divisor of 38192775 and 1875?
75
What is the greatest common factor of 170082 and 12?
6
Calculate the highest common factor of 15080 and 1302340.
260
What is the greatest common factor of 17552315 and 55?
55
Calculate the highest common factor of 24879960 and 1925.
35
Calculate the greatest common divisor of 5572 and 222494139.
1393
Calculate the greatest common factor of 64 and 3799288.
8
Calculate the greatest common divisor of 39 and 2452209.
3
What is the greatest common factor of 1150586 and 479302?
1306
What is the greatest common divisor of 6216416 and 992?
32
What is the greatest common factor of 704 and 4246352?
176
Calculate the highest common factor of 672 and 83278167.
21
What is the highest common factor of 110691 and 16479?
9
Calculate the greatest common factor of 992 and 34815728.
496
What is the highest common divisor of 14144 and 400?
16
Calculate the highest common divisor of 80 and 36260.
20
What is the highest common divisor of 12243066 and 110?
22
Calculate the highest common factor of 3666 and 1273727.
13
What is the highest common factor of 3394650 and 62010?
1590
What is the greatest common factor of 24186962 and 76?
38
Calculate the highest common divisor of 541161 and 3664197.
4131
What is the highest common factor of 9101 and 9557?
19
Calculate the highest common divisor of 1723632 and 13496.
1928
Calculate the greatest common divisor of 17615013 and 143.
13
What is the greatest common factor of 53223 and 110528?
157
What is the greatest common divisor of 4966 and 83267214?
382
What is the highest common divisor of 129724872 and 2534?
362
Calculate the greatest common factor of 192 and 1230198.
6
Calculate the highest common factor of 37867 and 2792193.
1993
Calculate the greatest common divisor of 45 and 63434997.
9
Calculate the highest common divisor of 7435367 and 6401.
173
Calculate the highest common factor of 1075 and 44569325.
25
What is the highest common divisor of 140089239 and 45?
9
What is the greatest common factor of 16185 and 126360?
195
What is the greatest common divisor of 50760645 and 1630?
815
Calculate the highest common factor of 665809610 and 20409.
6803
What is the greatest common divisor of 4884 and 97606?
74
Calculate the greatest common divisor of 14643424 and 4.
4
Calculate the highest common divisor of 12 and 145821522.
6
Calculate the greatest common divisor of 1784252 and 29716.
1292
What is the greatest common divisor of 2040072 and 245847?
1527
What is th